Let h(j) = 6*j**2 + 1 + 3*j - 6*j - 7*j**2. Suppose -20*d - 7*d = 23*d + 150. What is h(d)?
1
Let p be (0 + 2/(-3))/((-6)/(-81)). Let i be (p/(-2))/(6 + 77/(-14)). Let d(g) = 6 + 33*g**3 - i*g**3 - 15*g**3 - 8*g**3 + 8*g**2 + 3*g. What is d(-8)?
-18
Let t(k) = k**3 - k**2 - k + 12. Let w be (912/60 + -12)/(4/5). Give t(w).
56
Let v(t) = -t - 2. Let m(k) = -1. Let o(q) = 7*m(q) - 4*v(q). Let f(s) = 9*s + 35. Let x be f(-4). Let n be 4 - (-1*(x + -4))/1. Give o(n).
-3
Suppose 0 = -4*x + 3*x - 4. Let q(l) = -13*l**3 + l**2 - 28. Let u(f) = -37*f**3 + 2*f**2 - f - 80. Let o(m) = 17*q(m) - 6*u(m). Give o(x).
-4
Let x(i) be the second derivative of -i**4/12 + i**3/6 + 3*i**2/2 + i - 3056. Suppose 5*w - 15 = -0*w. What is x(w)?
-3
Let a = 8 - 7. Let w(r) = 4*r**2 + 1. Suppose 0 = 3*f + 2*y - 8 - 0, 0 = -f + 3*y - 1. Let b(u) = -4*u**2 - 1. Let n(v) = f*w(v) + 3*b(v). Calculate n(a).
-5
Let g(t) = 64*t + 1892. Let m(l) = 33*l + 946. Let h(z) = -3*g(z) + 5*m(z). Calculate h(-35).
-1
Let h(l) = -3*l**2 + 7*l - 4. Suppose 25 = -m + 4*b, -4*m - 31*b - 20 = -27*b. Let o be 30/m*((-144)/(-30))/(-4). What is h(o)?
-24
Let l(h) = 244*h**2 + 12*h + 9. Let r(n) = -204*n**2 - 11*n - 7. Let t(v) = -5*l(v) - 6*r(v). Give t(2).
25
Let w(p) = -44*p + 42. Let a = -14183 + 14185. Give w(a).
-46
Let z be -2 + (-11)/(-5) + 238/10. Let r = z - 19. Let o(v) = -3*v**2 - r*v**2 - 5*v**2 + 7*v + 12*v**2. Calculate o(6).
6
Let o(d) be the first derivative of -7*d**3/3 - 7*d**2/2 + 166. Let t(a) = -9*a**2 - 6*a. Let c(x) = -5*o(x) + 6*t(x). Calculate c(1).
-20
Let r(b) = -3*b**2 + 3*b. Let i = -15 + 25. Let n be ((-6)/i)/(8/(-160)). Suppose -25*g - n = -29*g. What is r(g)?
-18
Let u(f) be the third derivative of -f**5/20 - 5*f**4/6 + 31*f**3/6 - 8528*f**2. Calculate u(-8).
-1
Let z(d) be the first derivative of 3*d**2/2 - 2*d - 928. Give z(14).
40
Suppose 4*p - 16 = -8*g + 3*g, -3*g = -4*p + 16. Let i be 11/13 + (-42)/(-273) - g. Let w(x) = 8*x**3 - x. Give w(i).
7
Let o = -2143 - -2139. Let x(y) = y**2 - 6*y - 38. Determine x(o).
2
Let y(u) be the third derivative of -5*u**4/12 - 199*u**3/6 - 29*u**2 + 12. Determine y(-20).
1
Let j(v) = -2*v**2 - 17*v - 16. Suppose -7*i - 13 = 1. Let g be 4/(i/((-16)/(-4))). Let b be j(g). Let l(w) = w - 1. Calculate l(b).
-9
Suppose 0 = -23*u + 24*u - 9. Let g(n) = -6*n**2 - 3*n**3 - u*n**3 + 8*n + 3 + 21*n**3 - 10*n**3. Determine g(-7).
-4
Let z be -39 + 42 + -2*2. Let m(t) = 49*t - 1. Give m(z).
-50
Let y(d) = d**3 + d + 1. Let f be ((-12)/(-16))/(1*(-1)/(-4)). Suppose -z + f = -1. Suppose -p = -q - 3, -2*q + 6*q + 4*p - z = 0. Calculate y(q).
-1
Let k(u) = 11*u - 194. Let f be 7*((-825)/(-77) + -8). Calculate k(f).
15
Let b(f) be the second derivative of -1/2*f**2 - 1/6*f**3 + 0 + 52*f + 0*f**4 + 1/5*f**5. Calculate b(-1).
-4
Let p be -3 + (-34)/(-12) + 582/36. Suppose -p*y = -18*y + 120. Let v = 67 - y. Let r(x) = -x + 14. Calculate r(v).
7
Let p(o) = -o**3 + 21*o**2 + 18*o + 72. Suppose -191*k - 748 = 204*k - 429*k. Calculate p(k).
-16
Suppose -11 = 5*o - 4*m, 3*o + o = 2*m - 4. Let p(v) = -25 - 25 + 4*v**2 + 49 + v. Let l be p(o). Let g(q) = q**2 - q - 4. Determine g(l).
8
Suppose -2*b + 0*b - 4*o + 12 = 0, -5*o = -3*b - 4. Let l(w) = -79*w**b - 85*w**2 - 2*w + 163*w**2 + 1 + w**3 + w. What is l(-2)?
-9
Let l(i) = i**3 - 22*i**2 - 23*i + 1. Let z(t) = -t**2 - 9*t + 24. Let u be z(-11). Suppose 38 + 8 = u*m. Let j be l(m). Let n(w) = 10*w**2 - 1. Determine n(j).
9
Let l(q) be the third derivative of 1/12*q**5 + 1/4*q**4 + 1/3*q**3 - 5*q + 0 + 3*q**2 - 1/120*q**6. Give l(6).
2
Let j(c) = 9*c - 5*c**2 + 3 - 40 + 4*c**2 + 11 + 12. Calculate j(10).
-24
Let w(f) = -3*f**2 + 19*f - 155. Let q(m) = -m**2 + 6*m - 76. Let v(b) = -5*q(b) + 2*w(b). Calculate v(14).
-14
Let z = 28 - 147. Let l be (2 + 0)/((-34)/z). Let y(t) = t**3 - 8*t**2 + 4*t + 3. What is y(l)?
-18
Let s be (910/200)/7 + (-6)/15. Let b(x) be the third derivative of -1/60*x**5 + 0 + 0*x + 9*x**2 + 3/2*x**3 + s*x**4. Determine b(7).
2
Let l(r) = r**3 - 2*r**2 - 17*r + 2. Let b be 9 - -9 - 2*11. Calculate l(b).
-26
Let o(t) = 16*t. Let r = -372 + 376. Suppose -a - 1 = 4*c, -2*a = -r*a - 10. Determine o(c).
16
Let h(j) be the second derivative of -j**4/12 - 7*j**3/6 + 53*j**2/2 + 10308*j. Determine h(-13).
-25
Let x = -1 + 10. Let p(w) = -73263*w - 165 + 73266*w + 152. Determine p(x).
14
Let t(g) = g**3 - 113*g**2 - 81*g - 477. Let n(q) = 7*q**2 + 5*q + 29. Let v(m) = -33*n(m) - 2*t(m). Let h be (3 + -1)*(-6)/4. What is v(h)?
15
Let p(k) be the third derivative of -53*k**2 + 0 - 1/60*k**5 + 0*k + 1/3*k**4 - 4/3*k**3. Suppose 4*j + 3*o - 52 = 8*o, -28 = -3*j + o. Determine p(j).
-8
Let p(m) = -m**2 - 12*m + 62. Let a(q) = -4*q**3 + 22*q**2 - 30*q + 8. Let j be a(4). Determine p(j).
-2
Let n(u) = u**3 - 9*u**2 + 7*u + 9. Suppose 5*l + 35 = 0, 91*z = 94*z - 5*l - 56. Give n(z).
-40
Let d = -53 - -56. Let f(l) = 5*l - 6*l - 7 + 3*l - d*l. Give f(5).
-12
Let c be 1/(-9) + 0 - 806/279 - -15. Let v(k) = 3*k - 43. Determine v(c).
-7
Let s(b) = b**2 + 13*b + 16. Let f(m) = -m. Let a(w) = 5*w. Let u(c) = -a(c) - 4*f(c). Let q(z) = s(z) + u(z). Give q(-11).
5
Let q(a) be the first derivative of -2*a**3 - 5*a**2/2 - 8*a - 62. Let b(f) = 8*f**2 + 8*f + 12. Let c(x) = 5*b(x) + 7*q(x). What is c(4)?
-8
Let g(d) = -2*d**2 - 4*d - 5. Let o(r) = -r**3 + 12*r**2 - 4*r - 68. Let k be o(11). Suppose -64 = 7*n + k*n. What is g(n)?
-21
Suppose 0*x + 29 = 2*x - 5*k, -2*x + 4*k = -24. Let o(j) = 1 - 377*j**2 + 185*j**x + j + 193*j**2 - 3*j. Calculate o(6).
25
Let s(t) = -3*t + 37. Let q(a) = 1368*a + 1383. Let n be q(-1). Give s(n).
-8
Let b = 10 - 3. Let p be (7 - (b + -2))/(1/2). Suppose 2*h + 2*s - 8 = 0, 2*h - 3*h - 1 = -p*s. Let w(z) = z**2 - z - 1. Determine w(h).
5
Let l(y) = -3*y + 3. Let s(u) = -u**3 - 6*u**2 + u + 7. Let j be s(-6). Let m be (1*2 - j)/(28/140). Give l(m).
-12
Let t(h) = 4*h - 9. Let b(z) = 9*z - 17. Let p(q) = 2*b(q) - 5*t(q). Suppose 6*k = 8*k + 2*j - 6, 6 = -j. Calculate p(k).
-7
Let j(y) = -6*y + 17 - 33 + 18 - y**2. Suppose -l = -5*o - 29, -3*l + 3*o + 2*o = -77. Suppose -2*r = -6*r - l. Determine j(r).
2
Let p = 11 + -14. Let u be (-11 + 0 - -3)*p/4. Suppose 10*q = 7*q - u. Let w(v) = -v**2 - 3*v. What is w(q)?
2
Let b = -65568 + 65564. Let r(i) be the third derivative of i**5/60 + 5*i**4/24 - i**3/3 + i**2. What is r(b)?
-6
Let b(a) be the third derivative of a**4/24 + 4*a**3/3 + 1108*a**2. Suppose -145 = -3*m + 29. Suppose 5*d + 40 = -2*l, -5*l + 12 - m = -d. Determine b(l).
-2
Let f = 20513 + -20523. Let t(m) = -3*m**2 - 26*m + 13. Determine t(f).
-27
Let k be ((-2)/(-3))/((-551)/57 - -10). Let c(z) = z**2 + 5*z - 18. Calculate c(k).
-4
Suppose -2*w = p - 15, -3*w + 5 = -10. Let s(r) = 3*r - 7. Let x(j) = -9*j + 22. Let v(a) = 7*s(a) + 2*x(a). What is v(p)?
10
Let l(b) = -22*b + 464. Let k be l(20). Let r(c) = -c**3 + 24*c**2 - 7. Calculate r(k).
-7
Suppose -2*s + 1870 = 25*s + 2005. Let k(l) be the second derivative of l**5/20 + 5*l**4/12 - l**3/2 - 3*l**2/2 - 2*l. What is k(s)?
12
Let m(b) be the second derivative of b**3/6 - 5*b**2/2 + b. Let t be (-16 - (-9 + 3)) + 20. Let p(w) = w**3 - 8*w**2 - 20*w - 5. Let s be p(t). Determine m(s).
-10
Let h(b) be the first derivative of -11*b**2 + b + 1. Suppose -23*k = 33 + 59. Let q be (k - -7)/(3/3*3). Determine h(q).
-21
Let s(c) be the second derivative of -c**3/6 + 15*c**2/2 + 927*c. Give s(12).
3
Let w = 0 - -1. Let n be 6*w/2 + -1. Let l(f) be the first derivative of f**4/2 - 4*f**3/3 + 3*f**2/2 - 2*f - 1749. Give l(n).
4
Let d = -220 + 222. Let t(s) = -2*s + 2*s**d + 1 + 3*s - 5*s**3 - 5*s - 17*s**3 + 2*s. Calculate t(1).
-21
Let l(r) be the first derivative of r**4/4 - 16*r**3/3 - 18*r**2 - 2*r + 56. Give l(18).
-2
Let y(p) be the second derivative of p**5/120 - 7*p**4/12 - 2*p**3/3 + p**2 - 2*p + 9. Let a(q) be the second derivative of y(q). What is a(0)?
-14
Suppose 0*k - 5*k = -5*a + 85, -5*k - 19 = -2*a. Let v(g) = 3*g - 78. Give v(a).
-12
Let f(v) be the third derivative of 0 + 1/8*v**4 - 7*v - 4*v**2 - 1/3*v**3. Let w(a) = 3*a**2 - a. Let t be w(-1). Give f(t).
10
Let n = 14423 - 14408. Let k(p) = p**2 - 18*p + 8. Calculate k(n).
-37
Let l = -4593 - -4587. Let w(s) = s**3 + 5*s**2 - 3*s - 14. Determine w(l).
-